Convert -5 (base 6) to base 14.
-5
What is -15 (base 11) in base 4?
-100
Convert 214 (base 6) to base 4.
1102
55 (base 9) to base 3
1212
-1221 (base 4) to base 12
-89
Convert 3 (base 14) to base 15.
3
What is -43 (base 12) in base 9?
-56
-12 (base 3) to base 7
-5
1122 (base 4) to base 11
82
-136 (base 15) to base 6
-1140
What is -35 (base 15) in base 4?
-302
What is -28 (base 15) in base 14?
-2a
Convert -141 (base 7) to base 16.
-4e
Convert 0 (base 3) to base 10.
0
What is -39 (base 12) in base 7?
-63
What is 1b (base 12) in base 4?
113
What is 79 (base 13) in base 8?
144
35 (base 16) to base 2
110101
1 (base 5) to base 15
1
Convert 7 (base 9) to base 3.
21
What is 0 (base 10) in base 11?
0
Convert 3 (base 13) to base 11.
3
What is -15 (base 7) in base 13?
-c
-5 (base 16) to base 6
-5
Convert -10 (base 2) to base 11.
-2
What is c (base 15) in base 14?
c
Convert 113 (base 5) to base 11.
30
What is -4 (base 11) in base 15?
-4
What is 11 (base 7) in base 2?
1000
What is -2 (base 11) in base 7?
-2
What is -33 (base 15) in base 16?
-30
-30 (base 6) to base 4
-102
21112 (base 3) to base 11
175
Convert 146 (base 10) to base 14.
a6
4 (base 15) to base 11
4
What is 16 (base 10) in base 8?
20
24 (base 6) to base 7
22
What is 1 (base 3) in base 2?
1
-54 (base 6) to base 16
-22
Convert -13 (base 5) to base 7.
-11
Convert -12 (base 14) to base 11.
-15
What is -35 (base 10) in base 4?
-203
What is 13 (base 4) in base 2?
111
Convert -3 (base 15) to base 16.
-3
Convert 1 (base 14) to base 7.
1
-47 (base 12) to base 10
-55
What is -5 (base 13) in base 12?
-5
What is -32 (base 13) in base 14?
-2d
What is 1 (base 6) in base 15?
1
Convert -1a (base 13) to base 4.
-113
-202 (base 4) to base 8
-42
302 (base 5) to base 15
52
Convert 4 (base 16) to base 12.
4
-5 (base 11) to base 12
-5
Convert -5 (base 16) to base 11.
-5
Convert 1 (base 6) to base 4.
1
-101 (base 5) to base 11
-24
-112 (base 7) to base 10
-58
What is -32 (base 4) in base 16?
-e
37 (base 9) to base 4
202
20 (base 6) to base 3
110
Convert -4 (base 12) to base 9.
-4
What is 0 (base 14) in base 5?
0
Convert -1 (base 15) to base 6.
-1
11 (base 3) to base 10
4
1 (base 11) to base 16
1
Convert 4 (base 14) to base 15.
4
What is 201 (base 4) in base 8?
41
-11110001 (base 2) to base 6
-1041
Convert 9 (base 14) to base 11.
9
What is 100 (base 2) in base 3?
11
Convert 5 (base 10) to base 7.
5
What is 30 (base 16) in base 10?
48
Convert 22 (base 6) to base 14.
10
What is 33 (base 4) in base 13?
12
What is -1 (base 5) in base 10?
-1
What is 122 (base 9) in base 15?
6b
What is 123 (base 5) in base 2?
100110
Convert 2 (base 5) to base 9.
2
Convert -130 (base 7) to base 11.
-64
What is 30 (base 8) in base 13?
1b
What is 1 (base 6) in base 13?
1
What is -132 (base 4) in base 8?
-36
Convert -11 (base 2) to base 12.
-3
12 (base 9) to base 12
b
Convert 1 (base 4) to base 13.
1
Convert -3 (base 16) to base 11.
-3
Convert -157 (base 10) to base 13.
-c1
-67 (base 12) to base 4
-1033
What is 23 (base 7) in base 16?
11
What is 1011 (base 2) in base 3?
102
Convert -342 (base 5) to base 10.
-97
What is -215 (base 8) in base 14?
-a1
Convert 2 (base 14) to base 9.
2
What is -20 (base 11) in base 7?
-31
Convert -323 (base 6) to base 7.
-234
328 (base 9) to base 2
100001101
Convert -2122 (base 3) to base 9.
-78
What is -1 (base 7) in base 9?
-1
Convert 4 (base 10) to base 5.
4
What is -1122 (base 3) in base 15?
-2e
What is 16 (base 16) in base 15?
17
What is 59 (base 15) in base 13?
66
-4 (base 9) to base 7
-4
What is 3 (base 14) in base 10?
3
Convert -3 (base 4) to base 14.
-3
Convert 100 (base 2) to base 4.
10
Convert -24 (base 5) to base 13.
-11
Convert -3c (base 14) to base 15.
-39
What is -100000 (base 2) in base 7?
-44
What is -176 (base 9) in base 10?
-150
What is -14 (base 16) in base 4?
-110
What is -1 (base 2) in base 4?
-1
Convert -19 (base 10) to base 9.
-21
Convert 4 (base 12) to base 10.
4
-321 (base 4) to base 7
-111
Convert 14 (base 9) to base 15.
d
Convert -205 (base 6) to base 7.
-140
What is -7a (base 11) in base 7?
-153
Convert -131 (base 10) to base 2.
-10000011
What is -15 (base 12) in base 9?
-18
Convert -122 (base 3) to base 11.
-16
13 (base 5) to base 2
1000
What is 100 (base 2) in base 14?
4
-2 (base 3) to base 5
-2
What is 13 (base 14) in base 15?
12
Convert 1 (base 10) to base 2.
1
57 (base 9) to base 5
202
What is -2 (base 13) in base 10?
-2
1 (base 4) to base 12
1
Convert -14 (base 7) to base 5.
-21
3 (base 12) to base 3
10
What is 7 (base 10) in base 14?
7
232 (base 13) to base 4
11323
Convert -31 (base 15) to base 7.
-64
a7 (base 13) to base 14
9b
2 (base 14) to base 10
2
What is -34 (base 7) in base 10?
-25
Convert 112 (base 5) to base 2.
100000
-83 (base 10) to base 13
-65
Convert 1100 (base 3) to base 5.
121
Convert -7 (base 8) to base 13.
-7
What is -3 (base 5) in base 7?
-3
What is -ad (base 15) in base 9?
-201
What is -7 (base 14) in base 8?
-7
-1 (base 15) to base 3
-1
Convert 57 (base 12) to base 6.
151
Convert -100 (base 3) to base 15.
-9
Convert -8 (base 9) to base 8.
-10
Convert 1 (base 15) to base 8.
1
22 (base 4) to base 10
10
What is -30 (base 4) in base 9?
-13
Convert -97 (base 11) to base 7.
-211
-4 (base 16) to base 6
-4
Convert -16 (base 8) to base 10.
-14
What is -111 (base 2) in base 14?
-7
-11111 (base 2) to base 4
-133
Convert -10 (base 2) to base 16.
-2
Convert -152 (base 12) to base 9.
-248
Convert -210 (base 6) to base 8.
-116
Convert -300 (base 5) to base 9.
-83
Convert -4 (base 5) to base 12.
-4
Convert -13 (base 6) to base 2.
-1001
4 (base 8) to base 12
4
What is 63 (base 13) in base 8?
121
What is 3 (base 6) in base 16?
3
d5 (base 16) to base 2
11010101
What is -64 (base 12) in base 15?
-51
43 (base 15) to base 6
143
What is -7 (base 14) in base 15?
-7
Convert -22 (base 4) to base 16.
-a
Convert -65 (base 14) to base 12.
-75
What is 15 (base 7) in base 3?
110
Convert -5c (base 13) to base 4.
-1031
Convert -3 (base 15) to base 9.
-3
-9 (base 16) to base 14
-9
23 (base 7) to base 4
101
11 (base 5) to base 11
6
Convert -1 (base 12) to base 13.
-1
-1 (base 11) to base 6
-1
What is 1 (base 12) in base 2?
1
Convert -10 (base 3) to base 13.
-3
What is 15 (base 8) in base 10?
13
Convert -1a (base 13) to base 2.
-10111
-78 (base 11) to base 12
-71
-30 (base 16) to base 15
-33
Convert -1 (base 8) to base 6.
-1
24 (base 15) to base 2
100010
Convert 53 (base 7) to base 11.
35
-9 (base 10) to base 13
-9
What is -27 (base 14) in base 11?
-32
Convert -2 (base 7) to base 15.
-2
Convert 28 (base 12) to base 8.
40
-2 (base 4) to base 6
-2
10 (base 3) to base 7
3
10 (base 7) to base 11
7
Convert 3 (base 7) to base 4.
3
3 (base 9) to base 14
3
What is d (base 15) in base 9?
14
-6 (base 16) to base 9
-6
2 (base 14) to base 8
2
Convert -4 (base 5) to base 12.
-4
Convert a8 (base 13) to base 15.
93
-10101 (base 2) to base 9
-23
-66 (base 16) to base 9
-123
Convert -92 (base 11) to base 6.
-245
Convert d4 (base 15) to base 2.
11000111
What is 32 (base 5) in base 10?
17
What is 66 (base 16) in base 5?
402
Convert 18 (base 12) to base 7.
26
What is -37 (base 8) in base 12?
-27
What is -15 (base 9) in base 10?
-14
-2132 (base 4) to base 12
-112
Convert 312 (base 4) to base 7.
105
Convert 142 (base 5) to base 6.
115
What is 140 (base 6) in base 8?
74
What is 316 (base 11) in base 9?
462
What is 154 (base 11) in base 5?
1210
Convert 4 (base 11) to base 6.
4
What is -257 (base 9) in base 8?
-326
What is -233 (base 13) in base 10?
-380
Convert 1012 (base 3) to base 4.
200
What is 8 (base 16) in base 8?
10
Convert 2 (base 3) to base 8.
2
32 (base 10) to base 16
20
-b (base 13) to base 9
-12
What is -60 (base 8) in base 2?
-110000
Convert 2 (base 15) to base 7.
2
What is -8 (base 10) in base 3?
-22
Convert 1100011 (base 2) to base 5.
344
Convert 100001001 (base 2) to base 5.
2030
c (base 14) to base 5
22
What is -76 (base 15) in base 2?
-1101111
What is 23 (base 5) in base 15?
d
Convert -167 (base 14) to base 10.
-287
Convert -2 (base 10) to base 11.
-2
Convert -2 (base 10) to base 4.
-2
What is -86 (base 16) in base 15?
-8e
-1 (base 9) to base 6
-1
-4 (base 7) to base 5
-4
What is 37 (base 16) in base 14?
3d
Convert 26 (base 13) to base 12.
28
-22 (base 11) to base 9
-26
What is -1a5 (base 14) in b